{"id":84,"date":"2021-09-09T11:27:30","date_gmt":"2021-09-09T11:27:30","guid":{"rendered":"https:\/\/test.kas-sz.ch\/?page_id=84"},"modified":"2026-03-25T06:31:14","modified_gmt":"2026-03-25T06:31:14","slug":"startseite-2","status":"publish","type":"page","link":"https:\/\/kas-sz.ch\/","title":{"rendered":"Herzlich willkommen in der KAS"},"content":{"rendered":"\n<div class=\"wp-block-columns is-layout-flex wp-container-core-columns-is-layout-9d6595d7 wp-block-columns-is-layout-flex\">\n<div class=\"wp-block-column is-layout-flow wp-block-column-is-layout-flow\" style=\"flex-basis:100%\">\n<h5 class=\"wp-block-heading has-black-color has-white-background-color has-text-color has-background has-link-color has-medium-font-size wp-elements-03623b663b07e9fb35d167303cca1535\">Dank Jasminka Saka\u010d (Katechetin in Einsiedeln) <br>sehen wir auch in unseren R\u00e4umlichkeiten jeden Tag den Fr\u00fchling.<\/h5>\n\n\n\n<div class=\"alignnormal\"><div id=\"metaslider-id-103\" style=\"width: 100%;\" class=\"ml-slider-3-107-0 metaslider metaslider-flex metaslider-103 ml-slider has-dots-nav ml-slider-lightbox-2-22-0 lightbox-disabled ms-theme-simply-dark\" role=\"region\" aria-label=\"Startseite\" data-height=\"300\" data-width=\"700\">\n    <div id=\"metaslider_container_103\">\n        <div id=\"metaslider_103\">\n            <ul aria-live='off' class='slides'>\n                <li style=\"display: block; width: 100%;\" class=\"slide-2178 ms-image \" aria-roledescription=\"slide\" data-date=\"2026-03-18 11:06:59\" data-filename=\"blaue-Blume_2_1-700x300.jpg\" data-slide-type=\"image\"><img loading=\"lazy\" decoding=\"async\" src=\"https:\/\/kas-sz.ch\/wp-content\/uploads\/2026\/03\/blaue-Blume_2_1-700x300.jpg\" height=\"300\" width=\"700\"  alt=\"blaue-Blume_2_1-700x300 Herzlich willkommen in der KAS\"  class=\"slider-103 slide-2178 msDefaultImage\"  title=\"\"  \/><\/li>\n                <li style=\"display: none; width: 100%;\" class=\"slide-2179 ms-image \" aria-roledescription=\"slide\" data-date=\"2026-03-18 11:06:59\" data-filename=\"Krokus_2_1-700x300.jpg\" data-slide-type=\"image\"><img loading=\"lazy\" decoding=\"async\" src=\"https:\/\/kas-sz.ch\/wp-content\/uploads\/2026\/03\/Krokus_2_1-700x300.jpg\" height=\"300\" width=\"700\"  alt=\"Krokus_2_1-700x300 Herzlich willkommen in der KAS\"  class=\"slider-103 slide-2179 msDefaultImage\"  title=\"\"  \/><\/li>\n                <li style=\"display: none; width: 100%;\" class=\"slide-2180 ms-image \" aria-roledescription=\"slide\" data-date=\"2026-03-18 11:06:59\" data-filename=\"Primeli_2_1-700x300.jpg\" data-slide-type=\"image\"><img loading=\"lazy\" decoding=\"async\" src=\"https:\/\/kas-sz.ch\/wp-content\/uploads\/2026\/03\/Primeli_2_1-700x300.jpg\" height=\"300\" width=\"700\"  alt=\"Primeli_2_1-700x300 Herzlich willkommen in der KAS\"  class=\"slider-103 slide-2180 msDefaultImage\"  title=\"\"  \/><\/li>\n                <li style=\"display: none; width: 100%;\" class=\"slide-2181 ms-image \" aria-roledescription=\"slide\" data-date=\"2026-03-18 11:06:59\" data-filename=\"Stiefmuetterchen_2_1-700x300.jpg\" data-slide-type=\"image\"><img loading=\"lazy\" decoding=\"async\" src=\"https:\/\/kas-sz.ch\/wp-content\/uploads\/2026\/03\/Stiefmuetterchen_2_1-700x300.jpg\" height=\"300\" width=\"700\"  alt=\"Stiefmuetterchen_2_1-700x300 Herzlich willkommen in der KAS\"  class=\"slider-103 slide-2181 msDefaultImage\"  title=\"\"  \/><\/li>\n                <li style=\"display: none; width: 100%;\" class=\"slide-2182 ms-image \" aria-roledescription=\"slide\" data-date=\"2026-03-18 11:06:59\" data-filename=\"Tulpe_2_1-700x300.jpg\" data-slide-type=\"image\"><img loading=\"lazy\" decoding=\"async\" src=\"https:\/\/kas-sz.ch\/wp-content\/uploads\/2026\/03\/Tulpe_2_1-700x300.jpg\" height=\"300\" width=\"700\"  alt=\"Tulpe_2_1-700x300 Herzlich willkommen in der KAS\"  class=\"slider-103 slide-2182 msDefaultImage\"  title=\"\"  \/><\/li>\n            <\/ul>\n        <\/div>\n        \n    <\/div>\n<\/div><\/div>\n<\/div>\n<\/div>\n\n\n\n<script>var fontfamily2=`Open Sans`; var url2 = 'https:\/\/fonts.googleapis.com\/css2?family='+fontfamily2+':wght@100;200;300;400;500;600;700;800;900&amp;display=swap'; var link2 = document.createElement('link'); link2.href = url2; link2.rel = \"stylesheet\"; link2.type =  \"text\/css\"; document.head.appendChild(link2);<\/script><style>.spice-blocks-heading.spiceheading1c2d7da4 {\n\t\t\t\t\t\tborder:   ;\n\t\t\t\t\t\tborder-top:null;\n\t\t\t\t\t\tborder-right:null;\n\t\t\t\t\t\tborder-bottom:null;\n\t\t\t\t\t\tborder-left:null;\n\t\t\t\t\t\tborder-radius: 0px 0px 0px 0px;\n\t\t\t     \t}\n\t\t\t     \t\/* When heading contains link *\/\n\t\t\t\t\t.spice-blocks-heading.spiceheading1c2d7da4 a {\n\t\t\t\t\t\tcolor: undefined;\n\t\t\t\t\t\ttext-decoration: inherit;\n\t\t\t\t\t}\n\n\t\t\t\t\t\/* Hover color *\/\n\t\t\t\t\t.spice-blocks-heading.spiceheading1c2d7da4 a:hover {\n\t\t\t\t\t\tcolor: undefined;\n\t\t\t\t\t}\n\t\t\t     \tundefined<\/style><h1 id=\"undefined\" class=\"spice-blocks-heading has-text-align-center wow animated undefined     undefined undefined spiceheading1c2d7da4\" style=\"background:;margin:0px 0px 0px 0px;padding:0px 0px 0px 0px;display:;font-weight:600;line-height:undefined;animation-delay:undefinedms;text-shadow:0px 0px 0px #ADACAC;font-family:Open Sans\">Im Licht der Ostersonne <br>bekommen\u00a0die Geheimnisse der Erde<br>ein anderes Licht<\/h1>\n\n\n\n<style>.text-editor-inner p.spiceEditoredcd142b.has-dropcap:first-child:first-letter {\n\t\t\t\t\t\tcolor: undefined;\n\t\t\t\t\t\tbackground-color:undefined;\n\t\t\t\t\t\tfloat: left;\n\t\t\t\t\t\tfont-family: Open Sans;\n\t\t\t\t\t\tfont-size: 72px;\n\t\t\t\t\t\tfont-weight: 600;\n\t\t\t\t\t\ttext-transform:uppercase;\n\t\t\t\t\t\ttext-decoration:undefined;\n\t\t\t\t\t\tline-height: 60px;\n\t\t\t\t\t\tletter-spacing: undefinedpx;\n\t\t\t\t\t\tmargin: 10px 10px 10px 10px;\n\t\t\t\t\t\tpadding: 8px 12px 8px 12px;\n\t\t\t\t\t}\n\t\t\t\t\t.text-editor-inner p.spiceEditoredcd142b a{\n\t\t\t\t\t\tcolor: undefined;\n\t\t\t\t\t\ttext-decoration: inherit;\n\t\t\t\t\t}\n\t\t\t\t\t.text-editor-inner p.spiceEditoredcd142b a:hover {\n\t\t\t\t\t\tcolor: undefined;\n\t\t\t\t\t}\n\t\t\t\t\tundefined<\/style><script>var fontfamily2=`Open Sans`; var url2 = 'https:\/\/fonts.googleapis.com\/css2?family='+fontfamily2+':wght@100;200;300;400;500;600;700;800;900&amp;display=swap'; var link2 = document.createElement('link'); link2.href = url2; link2.rel = \"stylesheet\"; link2.type =  \"text\/css\"; document.head.appendChild(link2); var dropcapfontfamily2=`Open Sans`; var dropcapfontfamilyurl2 = 'https:\/\/fonts.googleapis.com\/css2?family='+dropcapfontfamily2+':wght@100;200;300;400;500;600;700;800;900&amp;display=swap'; var dropcapfontfamilylink2 = document.createElement('link'); dropcapfontfamilylink2.href = dropcapfontfamilyurl2; dropcapfontfamilylink2.rel = \"stylesheet\"; dropcapfontfamilylink2.type =  \"text\/css\"; document.head.appendChild(dropcapfontfamilylink2);<\/script><div class=\"text-editor-inner\" id=\"undefined\"><p class=\"spice-blocks-text-editor has-text-align-center wow animated        spiceEditoredcd142b undefined undefined\" style=\"margin:0px 0px 0px 0px;padding:0px 0px 0px 0px;font-size:18px;font-weight:400;line-height:28px;animation-delay:undefinedms;font-family:Open Sans\">Friedrich von Bodelschwingh (1864-1936)<\/p><\/div>\n","protected":false},"excerpt":{"rendered":"<p>Dank Jasminka Saka\u010d (Katechetin in Einsiedeln) sehen wir auch in unseren R\u00e4umlichkeiten jeden Tag den Fr\u00fchling.<\/p>\n","protected":false},"author":1,"featured_media":0,"parent":0,"menu_order":0,"comment_status":"closed","ping_status":"closed","template":"","meta":{"footnotes":""},"class_list":["post-84","page","type-page","status-publish","hentry"],"_links":{"self":[{"href":"https:\/\/kas-sz.ch\/index.php?rest_route=\/wp\/v2\/pages\/84","targetHints":{"allow":["GET"]}}],"collection":[{"href":"https:\/\/kas-sz.ch\/index.php?rest_route=\/wp\/v2\/pages"}],"about":[{"href":"https:\/\/kas-sz.ch\/index.php?rest_route=\/wp\/v2\/types\/page"}],"author":[{"embeddable":true,"href":"https:\/\/kas-sz.ch\/index.php?rest_route=\/wp\/v2\/users\/1"}],"replies":[{"embeddable":true,"href":"https:\/\/kas-sz.ch\/index.php?rest_route=%2Fwp%2Fv2%2Fcomments&post=84"}],"version-history":[{"count":171,"href":"https:\/\/kas-sz.ch\/index.php?rest_route=\/wp\/v2\/pages\/84\/revisions"}],"predecessor-version":[{"id":2379,"href":"https:\/\/kas-sz.ch\/index.php?rest_route=\/wp\/v2\/pages\/84\/revisions\/2379"}],"wp:attachment":[{"href":"https:\/\/kas-sz.ch\/index.php?rest_route=%2Fwp%2Fv2%2Fmedia&parent=84"}],"curies":[{"name":"wp","href":"https:\/\/api.w.org\/{rel}","templated":true}]}}