{"id":58,"date":"2021-09-09T11:15:41","date_gmt":"2021-09-09T11:15:41","guid":{"rendered":"https:\/\/test.kas-sz.ch\/?page_id=58"},"modified":"2024-06-11T11:35:31","modified_gmt":"2024-06-11T11:35:31","slug":"ausbildung","status":"publish","type":"page","link":"https:\/\/kas-sz.ch\/?page_id=58","title":{"rendered":"Ausbildung"},"content":{"rendered":"\n<h1 class=\"wp-block-heading\"><\/h1>\n\n\n\n<div class=\"alignnormal\"><div id=\"metaslider-id-197\" style=\"width: 100%;\" class=\"ml-slider-3-107-0 metaslider metaslider-flex metaslider-197 ml-slider has-dots-nav ml-slider-lightbox-2-22-0 lightbox-disabled ms-theme-default\" role=\"region\" aria-label=\"Ausbildung\" data-height=\"300\" data-width=\"700\">\n    <div id=\"metaslider_container_197\">\n        <div id=\"metaslider_197\">\n            <ul class='slides'>\n                <li style=\"display: block; width: 100%;\" class=\"slide-369 ms-image \" aria-roledescription=\"slide\" data-date=\"2021-10-27 07:14:12\" data-filename=\"Screenshot1-700x300.jpg\" data-slide-type=\"image\"><img loading=\"lazy\" decoding=\"async\" src=\"https:\/\/kas-sz.ch\/wp-content\/uploads\/2021\/10\/Screenshot1-700x300.jpg\" height=\"300\" width=\"700\"  alt=\"Screenshot1-700x300 Ausbildung\"  class=\"slider-197 slide-369 msDefaultImage\"  title=\"\"  \/><\/li>\n                <li style=\"display: none; width: 100%;\" class=\"slide-368 ms-image \" aria-roledescription=\"slide\" data-date=\"2021-10-27 07:13:52\" data-filename=\"Rosselin1k-1-600x257.jpg\" data-slide-type=\"image\"><img loading=\"lazy\" decoding=\"async\" src=\"https:\/\/kas-sz.ch\/wp-content\/uploads\/2021\/12\/Rosselin1k-1-600x257.jpg\" height=\"300\" width=\"700\"  alt=\"Rosselin1k-1-600x257 Ausbildung\"  class=\"slider-197 slide-368 msDefaultImage\"  title=\"\"  \/><\/li>\n                <li style=\"display: none; width: 100%;\" class=\"slide-370 ms-image \" aria-roledescription=\"slide\" data-date=\"2021-10-27 07:14:34\" data-filename=\"Screenshot6-700x300.jpg\" data-slide-type=\"image\"><img loading=\"lazy\" decoding=\"async\" src=\"https:\/\/kas-sz.ch\/wp-content\/uploads\/2021\/10\/Screenshot6-700x300.jpg\" height=\"300\" width=\"700\"  alt=\"Screenshot6-700x300 Ausbildung\"  class=\"slider-197 slide-370 msDefaultImage\"  title=\"\"  \/><\/li>\n                <li style=\"display: none; width: 100%;\" class=\"slide-371 ms-image \" aria-roledescription=\"slide\" data-date=\"2021-10-27 07:14:34\" data-filename=\"Portrait-Verak-1-600x257.jpg\" data-slide-type=\"image\"><img loading=\"lazy\" decoding=\"async\" src=\"https:\/\/kas-sz.ch\/wp-content\/uploads\/2021\/12\/Portrait-Verak-1-600x257.jpg\" height=\"300\" width=\"700\"  alt=\"Portrait-Verak-1-600x257 Ausbildung\"  class=\"slider-197 slide-371 msDefaultImage\"  title=\"\"  \/><\/li>\n                <li style=\"display: none; width: 100%;\" class=\"slide-372 ms-image \" aria-roledescription=\"slide\" data-date=\"2021-10-27 07:14:34\" data-filename=\"Screenshot4-1-700x300.jpg\" data-slide-type=\"image\"><img loading=\"lazy\" decoding=\"async\" src=\"https:\/\/kas-sz.ch\/wp-content\/uploads\/2021\/10\/Screenshot4-1-700x300.jpg\" height=\"300\" width=\"700\"  alt=\"Screenshot4-1-700x300 Ausbildung\"  class=\"slider-197 slide-372 msDefaultImage\"  title=\"\"  \/><\/li>\n                <li style=\"display: none; width: 100%;\" class=\"slide-373 ms-image \" aria-roledescription=\"slide\" data-date=\"2021-10-27 07:14:34\" data-filename=\"Jasminka-3-600x257.jpg\" data-slide-type=\"image\"><img loading=\"lazy\" decoding=\"async\" src=\"https:\/\/kas-sz.ch\/wp-content\/uploads\/2021\/12\/Jasminka-3-600x257.jpg\" height=\"300\" width=\"700\"  alt=\"Jasminka-3-600x257 Ausbildung\"  class=\"slider-197 slide-373 msDefaultImage\"  title=\"\"  \/><\/li>\n                <li style=\"display: none; width: 100%;\" class=\"slide-374 ms-image \" aria-roledescription=\"slide\" data-date=\"2021-10-27 07:14:34\" data-filename=\"Screenshot8-1-700x300.jpg\" data-slide-type=\"image\"><img loading=\"lazy\" decoding=\"async\" src=\"https:\/\/kas-sz.ch\/wp-content\/uploads\/2021\/10\/Screenshot8-1-700x300.jpg\" height=\"300\" width=\"700\"  alt=\"Screenshot8-1-700x300 Ausbildung\"  class=\"slider-197 slide-374 msDefaultImage\"  title=\"\"  \/><\/li>\n            <\/ul>\n        <\/div>\n        \n    <\/div>\n<\/div><\/div>\n\n\n\n<h3 class=\"wp-block-heading\">Was macht eine Katechetin, ein Katechet?<\/h3>\n\n\n\n<p>Katechetinnen und Katecheten begleiten Kinder und Jugendliche auf ihrem Glaubensweg. Sie unterrichten in der Schule und Pfarrei. Ziel ist es, die Freude am Glauben zu vermitteln und auf spielerische Art und Weise den Zugang zu religi\u00f6sen und ethischen Fragen zu erm\u00f6glichen. Zu den vielf\u00e4ltigen Aufgaben geh\u00f6ren zudem oftmals auch die Gestaltung von Kinder-, Jugend- und Familiengottesdiensten und die Vorbereitung zu den Sakramenten.<\/p>\n\n\n\n<p><strong>Qualifikationsprofile (Berufsbilder)<\/strong><\/p>\n\n\n\n<p><a href=\"https:\/\/www.bischoefe.ch\/wir\/dok\/\" target=\"_blank\" rel=\"noreferrer noopener\">DOK \u2013 Schweizer Bischofkonferenz (bischoefe.ch)<\/a><\/p>\n\n\n\n<div style=\"height:48px\" aria-hidden=\"true\" class=\"wp-block-spacer\"><\/div>\n\n\n\n<h3 class=\"wp-block-heading\">Wie werde ich eine Katechetin, ein Katechet?<\/h3>\n\n\n\n<p>Unter Modu-IAK haben sich die f\u00fcnf Katechetischen Fachstellen, Uri, Schwyz, Nidwalden, Obwalden und Zug zu einem Bildungsraum zusammengeschlossen und bieten gemeinsam die Ausbildung zur Katechetin\/zum Katecheten an.<br>Es handelt sich dabei um eine modulare Ausbildung. Die Grundausbildung dauert rund drei Jahre und kann berufsbegleitend absolviert werden.<br>Weitere Informationen: <a href=\"http:\/\/www.moduiak.ch\">Modu-IAK<\/a><\/p>\n\n\n\n<div style=\"height:48px\" aria-hidden=\"true\" class=\"wp-block-spacer\"><\/div>\n\n\n\n<h3 class=\"wp-block-heading\">Welche Module braucht es f\u00fcr die kirchliche Jugendarbeit?<\/h3>\n\n\n\n<p>Welche Module es f\u00fcr die kirchliche Jugendarbeit braucht erfahren Sie unter <a href=\"https:\/\/formodula.spi-sg.ch\/kirchlicher-jugendarbeiterin-mit-fachausweis\/\" data-type=\"link\" data-id=\"https:\/\/formodula.spi-sg.ch\/kirchlicher-jugendarbeiterin-mit-fachausweis\/\" target=\"_blank\" rel=\"noreferrer noopener\">formodula <\/a>oder<br>beim tbi unter<a href=\"https:\/\/www.fachausweis-jugendarbeit.ch\/\" data-type=\"link\" data-id=\"https:\/\/www.fachausweis-jugendarbeit.ch\/\" target=\"_blank\" rel=\"noreferrer noopener\"> fachausweis Jugendarbeit <\/a><\/p>\n\n\n\n<div style=\"height:48px\" aria-hidden=\"true\" class=\"wp-block-spacer\"><\/div>\n\n\n\n<h3 class=\"wp-block-heading\">Anmeldung f\u00fcr ein pers\u00f6nliches Beratungsgespr\u00e4ch<\/h3>\n\n\n\n<p>Silvia Br\u00e4ndle ber\u00e4t Sie gerne in einem pers\u00f6nlichen Gespr\u00e4ch<br>055 422 06 57<br><a href=\"mailto:silvia.braendle@moduiak.ch\" data-type=\"mailto\" data-id=\"mailto:silvia.braendle@moduiak.ch\">Mail an Silvia Br\u00e4ndle<\/a><\/p>\n","protected":false},"excerpt":{"rendered":"<p>Was macht eine Katechetin, ein Katechet? Katechetinnen und Katecheten begleiten Kinder und Jugendliche auf ihrem Glaubensweg. Sie unterrichten in der Schule und Pfarrei. Ziel ist es, die Freude am Glauben zu vermitteln und auf spielerische Art und Weise den Zugang zu religi\u00f6sen und ethischen Fragen zu erm\u00f6glichen. Zu den vielf\u00e4ltigen Aufgaben geh\u00f6ren zudem oftmals auch<\/p><\/div>\n<div class=\"blog-btn\"><a href=\"https:\/\/kas-sz.ch\/?page_id=58\" class=\"home-blog-btn\">Weiterlesen<\/a><\/p>\n","protected":false},"author":1,"featured_media":0,"parent":0,"menu_order":0,"comment_status":"closed","ping_status":"closed","template":"","meta":{"footnotes":""},"class_list":["post-58","page","type-page","status-publish","hentry"],"_links":{"self":[{"href":"https:\/\/kas-sz.ch\/index.php?rest_route=\/wp\/v2\/pages\/58","targetHints":{"allow":["GET"]}}],"collection":[{"href":"https:\/\/kas-sz.ch\/index.php?rest_route=\/wp\/v2\/pages"}],"about":[{"href":"https:\/\/kas-sz.ch\/index.php?rest_route=\/wp\/v2\/types\/page"}],"author":[{"embeddable":true,"href":"https:\/\/kas-sz.ch\/index.php?rest_route=\/wp\/v2\/users\/1"}],"replies":[{"embeddable":true,"href":"https:\/\/kas-sz.ch\/index.php?rest_route=%2Fwp%2Fv2%2Fcomments&post=58"}],"version-history":[{"count":17,"href":"https:\/\/kas-sz.ch\/index.php?rest_route=\/wp\/v2\/pages\/58\/revisions"}],"predecessor-version":[{"id":1645,"href":"https:\/\/kas-sz.ch\/index.php?rest_route=\/wp\/v2\/pages\/58\/revisions\/1645"}],"wp:attachment":[{"href":"https:\/\/kas-sz.ch\/index.php?rest_route=%2Fwp%2Fv2%2Fmedia&parent=58"}],"curies":[{"name":"wp","href":"https:\/\/api.w.org\/{rel}","templated":true}]}}